 {"id":58,"date":"2011-01-27T15:41:10","date_gmt":"2011-01-27T14:41:10","guid":{"rendered":"http:\/\/filmsupport.at\/?page_id=58"},"modified":"2023-01-25T17:04:49","modified_gmt":"2023-01-25T16:04:49","slug":"willkommen","status":"publish","type":"page","link":"https:\/\/www.filmsupport.at\/","title":{"rendered":"Willkommen"},"content":{"rendered":"\n<p>Die Website www.filmsupport.at wurde 2004 erstmals ver\u00f6ffentlicht. Sie war als Unterst\u00fctzung f\u00fcr Studierende meiner Vorlesungen am \u00d6sterreichischen Studienzentrum f\u00fcr Film an der Donau-Universit\u00e4t in Krems sowie des &#8222;filmcollege&#8220; in Wien konzipiert. Sp\u00e4ter kam noch die Fachhochschule des BFI in Wien dazu.<\/p>\n\n\n\n<p><a href=\"https:\/\/www.filmsupport.at\/?page_id=108\">Gerhard Schedl<\/a><\/p>\n\n\n\n<p><\/p>\n\n\n\n<h2 class=\"wp-block-heading\">Danke f\u00fcr Ihr Interesse. Die Website wurde mit 31. Dezember 2022 geschlossen.<\/h2>\n\n\n\n<p><\/p>\n\n\n\n<p><\/p>\n\n\n<p><\/p>","protected":false},"excerpt":{"rendered":"<p>Die Website www.filmsupport.at wurde 2004 erstmals ver\u00f6ffentlicht. Sie war als Unterst\u00fctzung f\u00fcr Studierende meiner Vorlesungen am \u00d6sterreichischen Studienzentrum f\u00fcr Film an der Donau-Universit\u00e4t in Krems sowie des &#8222;filmcollege&#8220; in Wien konzipiert. Sp\u00e4ter kam noch die Fachhochschule des BFI in Wien dazu. Gerhard Schedl Danke f\u00fcr Ihr Interesse. Die Website wurde mit 31. Dezember 2022 geschlossen.<\/p>\n","protected":false},"author":2,"featured_media":0,"parent":0,"menu_order":1,"comment_status":"closed","ping_status":"open","template":"","meta":{"footnotes":""},"class_list":["post-58","page","type-page","status-publish","hentry"],"_links":{"self":[{"href":"https:\/\/www.filmsupport.at\/index.php?rest_route=\/wp\/v2\/pages\/58","targetHints":{"allow":["GET"]}}],"collection":[{"href":"https:\/\/www.filmsupport.at\/index.php?rest_route=\/wp\/v2\/pages"}],"about":[{"href":"https:\/\/www.filmsupport.at\/index.php?rest_route=\/wp\/v2\/types\/page"}],"author":[{"embeddable":true,"href":"https:\/\/www.filmsupport.at\/index.php?rest_route=\/wp\/v2\/users\/2"}],"replies":[{"embeddable":true,"href":"https:\/\/www.filmsupport.at\/index.php?rest_route=%2Fwp%2Fv2%2Fcomments&post=58"}],"version-history":[{"count":70,"href":"https:\/\/www.filmsupport.at\/index.php?rest_route=\/wp\/v2\/pages\/58\/revisions"}],"predecessor-version":[{"id":1913,"href":"https:\/\/www.filmsupport.at\/index.php?rest_route=\/wp\/v2\/pages\/58\/revisions\/1913"}],"wp:attachment":[{"href":"https:\/\/www.filmsupport.at\/index.php?rest_route=%2Fwp%2Fv2%2Fmedia&parent=58"}],"curies":[{"name":"wp","href":"https:\/\/api.w.org\/{rel}","templated":true}]}}